201 is divided by 751.
374
Calculate the remainder when 1078054 is divided by 673.
581
Calculate the remainder when 3060202 is divided by 1020051.
49
Calculate the remainder when 2272574 is divided by 12986.
24
Calculate the remainder when 687602 is divided by 12094.
10338
Calculate the remainder when 300069 is divided by 299629.
440
Calculate the remainder when 8709252 is divided by 1498.
1378
What is the remainder when 21700605 is divided by 4340118?
15
Calculate the remainder when 6449166 is divided by 806143.
22
What is the remainder when 122640 is divided by 1179?
24
Calculate the remainder when 6294890 is divided by 155.
30
What is the remainder when 99266 is divided by 106?
50
Calculate the remainder when 7401062 is divided by 341.
339
What is the remainder when 388292 is divided by 106?
14
What is the remainder when 2669168 is divided by 7759?
72
What is the remainder when 1154469 is divided by 144300?
69
What is the remainder when 261074 is divided by 647?
333
Calculate the remainder when 2210254 is divided by 552558.
22
What is the remainder when 91197 is divided by 8228?
689
What is the remainder when 58652345 is divided by 2174?
2173
Calculate the remainder when 1957169 is divided by 1362.
1337
Calculate the remainder when 1206104 is divided by 1241.
1093
Calculate the remainder when 225487 is divided by 4024.
143
What is the remainder when 3260613 is divided by 898?
873
What is the remainder when 214033 is divided by 15259?
407
Calculate the remainder when 6797569 is divided by 3589.
3
Calculate the remainder when 67918699 is divided by 100.
99
Calculate the remainder when 713057 is divided by 815.
747
What is the remainder when 1796376 is divided by 2673?
120
What is the remainder when 3871147 is divided by 2235?
127
What is the remainder when 209207 is divided by 5619?
1304
What is the remainder when 451436 is divided by 749?
538
Calculate the remainder when 17953 is divided by 7181.
3591
Calculate the remainder when 1520447089 is divided by 11.
7
What is the remainder when 76296 is divided by 5705?
2131
What is the remainder when 8170 is divided by 316?
270
What is the remainder when 136343 is divided by 4008?
71
Calculate the remainder when 70001802 is divided by 405.
387
What is the remainder when 10677937 is divided by 1061?
33
What is the remainder when 72724 is divided by 72671?
53
Calculate the remainder when 823629 is divided by 352.
301
Calculate the remainder when 5927536 is divided by 2541.
1924
Calculate the remainder when 41844971 is divided by 498.
23
What is the remainder when 2487618 is divided by 58?
56
What is the remainder when 104247 is divided by 25781?
1123
Calculate the remainder when 495004899 is divided by 5.
4
Calculate the remainder when 17055716 is divided by 4844.
4836
What is the remainder when 13651 is divided by 6734?
183
Calculate the remainder when 573020 is divided by 28650.
20
What is the remainder when 170953 is divided by 1257?
1
Calculate the remainder when 6063246 is divided by 6562.
6520
What is the remainder when 936070 is divided by 2532?
1762
Calculate the remainder when 26647495 is divided by 1140.
1135
Calculate the remainder when 7442184 is divided by 107.
13
Calculate the remainder when 2846759 is divided by 8110.
149
What is the remainder when 1367326 is divided by 113896?
574
Calculate the remainder when 32461726 is divided by 156.
154
Calculate the remainder when 103090 is divided by 51015.
1060
Calculate the remainder when 215293 is divided by 106806.
1681
What is the remainder when 2652740 is divided by 7228?
64
Calculate the remainder when 1592947 is divided by 796461.
25
What is the remainder when 3150073 is divided by 33511?
39
Calculate the remainder when 820003 is divided by 1344.
163
What is the remainder when 404622 is divided by 26972?
42
Calculate the remainder when 859548 is divided by 107243.
1604
What is the remainder when 90387400 is divided by 8449?
8447
Calculate the remainder when 64472884 is divided by 2063.
8
Calculate the remainder when 11093386 is divided by 1142.
1140
What is the remainder when 2414742 is divided by 402207?
1500
What is the remainder when 27654758 is divided by 1396?
1394
What is the remainder when 13804311 is divided by 4601430?
21
Calculate the remainder when 353047948 is divided by 675.
673
Calculate the remainder when 148630907 is divided by 2587.
2583
What is the remainder when 1095466 is divided by 8732?
3966
Calculate the remainder when 57693844 is divided by 1282.
1280
What is the remainder when 447 is divided by 114?
105
What is the remainder when 39982976 is divided by 60?
56
Calculate the remainder when 1794516 is divided by 201.
189
Calculate the remainder when 7918759 is divided by 8750.
9
Calculate the remainder when 4736608 is divided by 2368280.
48
What is the remainder when 789195 is divided by 157839?
0
Calculate the remainder when 14074940 is divided by 41.
9
What is the remainder when 10316 is divided by 5009?
298
What is the remainder when 2843695 is divided by 236972?
31
Calculate the remainder when 197801 is divided by 121.
87
Calculate the remainder when 1084670 is divided by 1009.
1004
Calculate the remainder when 67391992 is divided by 85.
82
What is the remainder when 701591 is divided by 175304?
375
Calculate the remainder when 4697870 is divided by 59.
54
Calculate the remainder when 275783 is divided by 5864.
175
What is the remainder when 14089108 is divided by 1565456?
4
Calculate the remainder when 10943803 is divided by 1224.
19
What is the remainder when 43750796 is divided by 3367?
3365
Calculate the remainder when 6534 is divided by 1161.
729
What is the remainder when 25767 is divided by 2476?
1007
Calculate the remainder when 4802009 is divided by 8575.
9
Calculate the remainder when 18703674 is divided by 80.
74
What is the remainder when 68142 is divided by 655?
22
What is the remainder when 478508 is divided by 6215?
6168
What is the remainder when 12266444 is divided by 3066608?
12
Calculate the remainder when 1117360 is divided by 29393.
426
Calculate the remainder when 5825109 is divided by 72.
21
Calculate the remainder when 8193 is divided by 3586.
1021
What is the remainder when 570094 is divided by 142517?
26
Calculate the remainder when 3344299 is divided by 73.
23
What is the remainder when 631757 is divided by 53?
50
What is the remainder when 117169 is divided by 1248?
1105
Calculate the remainder when 335745 is divided by 23358.
8733
Calculate the remainder when 1842268 is divided by 68232.
4
What is the remainder when 2927793 is divided by 731939?
37
Calculate the remainder when 93095682 is divided by 1176.
1170
Calculate the remainder when 9765332 is divided by 1554.
1550
What is the remainder when 46392638 is divided by 20?
18
Calculate the remainder when 1302205 is divided by 42.
37
Calculate the remainder when 107715 is divided by 15238.
1049
What is the remainder when 293702 is divided by 421?
265
Calculate the remainder when 52765 is divided by 358.
139
Calculate the remainder when 61414481 is divided by 69.
65
What is the remainder when 6740977 is divided by 1123495?
7
Calculate the remainder when 40632 is divided by 40469.
163
Calculate the remainder when 40487 is divided by 4446.
473
What is the remainder when 14060019 is divided by 14059992?
27
What is the remainder when 36318 is divided by 4215?
2598
What is the remainder when 471451 is divided by 204?
7
Calculate the remainder when 9742131 is divided by 90.
81
Calculate the remainder when 7531223 is divided by 625.
598
Calculate the remainder when 638000 is divided by 4400.
0
Calculate the remainder when 45868 is divided by 1768.
1668
Calculate the remainder when 2640617 is divided by 103.
6
Calculate the remainder when 6558654 is divided by 936947.
25
What is the remainder when 1469470 is divided by 2127?
1840
What is the remainder when 3923969 is divided by 3600?
3569
Calculate the remainder when 99773 is divided by 1029.
989
What is the remainder when 4643624 is divided by 14?
6
Calculate the remainder when 865441 is divided by 397.
378
Calculate the remainder when 10336203 is divided by 1932.
3
Calculate the remainder when 199654 is divided by 3497.
325
Calculate the remainder when 660393 is divided by 4785.
63
Cal